et t(z) be the second derivative of -z**4/12 + 19*z**3/2 - 9*z**2 - 166*z. What is the units digit of t(43)?
4
Let q(y) = -y - 268. Let p be q(0). What is the hundreds digit of (31/(-62))/(1/p)?
1
Suppose -3*k + 534 = 3*g, g + 49 = 5*k + 239. Suppose 37*a = 23*a - 350. What is the tens digit of ((-20)/a)/(3/g)?
4
Let n = 35 + -105. Let i = 131 + n. What is the tens digit of i?
6
Suppose 0 = 113*s - 728566 + 106388. What is the hundreds digit of s?
5
Suppose 105602 + 272874 = 28*w. What is the thousands digit of w?
3
Let r = -30 - -33. Let i(j) = -2*j**3 + j**2 + 3. Let p be i(r). Let g = -37 - p. What is the units digit of g?
5
Let a(n) = 9*n + 48. Let k be a(-5). Suppose -2*z + 242 = v + v, z = -3. Suppose v = 5*m - k*m. What is the tens digit of m?
6
Let j = 14918 + -3200. What is the ten thousands digit of j?
1
Let a be ((-68)/85)/((-6)/285). Suppose 8*q = -a + 238. What is the tens digit of q?
2
Let h = -55087 - -81000. What is the units digit of h?
3
Let z(g) = -12*g - 59. Let w(s) = -38*s - 176. Let v(h) = -2*w(h) + 7*z(h). What is the tens digit of v(-19)?
9
Suppose -4*v + 27136 = 5*g, 2*g + 17*v - 10864 = 13*v. What is the hundreds digit of g?
4
Let y(t) = 2*t**2 + 14*t + t**3 + t**2 - 6*t**3 - 4. Let q be y(-5). Suppose 4*j = -2*b + q, -b + 2*b = 3*j - 462. What is the units digit of j?
5
Let m(r) = -959*r + 9504. What is the thousands digit of m(-9)?
8
Suppose -2*k + k + 3*d - 5 = 0, -2*d = 2*k + 2. Let n(m) = -47*m + 11. Let c be n(k). Suppose g - 129 = -y, -3*y + c = g - 28. What is the tens digit of g?
2
Let p(j) = 3*j + 11. Let y(x) = x**3 - 23*x**2 + 22*x + 5. Let k be y(22). Suppose k*w - 2*c - 26 = 0, 4*c = -5*w + c + 36. What is the tens digit of p(w)?
2
Let t be 26/52 - (-1 - 17/2). Suppose 2*q = 3*z + 66 - 248, 300 = 5*z - 5*q. Suppose t = o - z. What is the units digit of o?
2
Let d(f) be the first derivative of 67*f**2/2 + 5*f - 81. What is the units digit of d(1)?
2
Suppose -5803 = -6*h - 1111. Suppose 106 = -4*c + h. What is the units digit of c?
9
Let i be ((-688)/(-6))/((-5)/(-15)). Suppose i - 38 = 2*u. What is the hundreds digit of u?
1
Let r = -26770 - -39952. What is the units digit of r?
2
Suppose 3*y - w = -1, 9*w = -4*y + 4*w + 5. Suppose -19*x + 20*x - 333 = y. What is the tens digit of x?
3
Suppose z - 484 = -z. Let l be (-14 - -18) + 3 + 0 + -4. Suppose -5*b + l*b = -z. What is the hundreds digit of b?
1
Let l be 9/((-378)/(-24)) - (-57860)/28. Let y = l - 1350. What is the hundreds digit of y?
7
Let k(m) = 25*m**3 - 21*m**2 - 23*m + 14. What is the thousands digit of k(7)?
7
Let x be ((-1884)/(-8))/(6/(-12)). Let z = -362 - x. What is the units digit of z?
9
Let y be 2/2*-1 - 203/29. Let c be 113 - (-2)/y*2*4. Suppose 5*i - 404 = c. What is the hundreds digit of i?
1
Let f = 18119 + 1383. What is the tens digit of f?
0
Let g = 1012 + -981. Suppose g*t = 20*t + 17358. What is the hundreds digit of t?
5
Let x = -1214 + 8248. What is the thousands digit of x?
7
Let t be (6/(-8))/((-13)/104). Let c = 26 - 22. Suppose -c*g = -t*g + 42. What is the tens digit of g?
2
Let l = -58 - -58. Suppose -y - 5*i + 343 = l, -3*i - 295 = -y + 64. Suppose -3*c + s + 211 = 2*s, 3*s - y = -5*c. What is the tens digit of c?
7
Let l(b) = 13*b - 142. Let j be l(15). Suppose f = 621 - j. What is the tens digit of f?
6
Let i be (0 - 36/10)/(4/(-40)). Let r = i + -38. What is the units digit of (-4 - 12)*-5 - r?
2
Suppose 2*a = 4*l - 6592, -5*l - a + 5110 = -3130. What is the tens digit of l?
4
Let z = -1832 + 3067. Suppose -6*u + z = -u. Suppose -u = -4*c + 229. What is the tens digit of c?
1
Let v(k) = -3*k**3 - 4*k**2 + 7*k - 16. Let w be v(8). What is the tens digit of (w/40)/((-1)/5)?
1
Let s = 260 + -278. What is the tens digit of 12/s - (-804)/18?
4
Suppose -272*r + 290*r - 47250 = 0. What is the tens digit of r?
2
Let k(z) = 6*z - 6. Suppose 2*v - 10 = -0. Let u be k(v). What is the units digit of (54/u)/(6/80)?
0
Suppose 20949 - 44184 - 43904 = -i. What is the ten thousands digit of i?
6
Suppose -2*c + 59413 = 3*q, -32*q = 5*c - 30*q - 148505. What is the ten thousands digit of c?
2
What is the thousands digit of (((-3154)/3 - 4) + (-4)/(-12))*-1?
1
Suppose 18*c - 18036 = 9*c. Let r = c + -1332. What is the tens digit of r?
7
Let w = 90957 + -50433. What is the hundreds digit of w?
5
Suppose 97105 + 1268073 + 2196697 = 205*n. What is the hundreds digit of n?
3
Let b(a) = a**3 + 7*a**2 + 2*a - 5. Let h be b(-6). Suppose 2*u + 1 + h = 0. Let k(w) = -w**3 - 10*w**2 - 11*w - 12. What is the units digit of k(u)?
8
Suppose -34*f + 11*f + 359157 = -61306. What is the units digit of f?
1
What is the hundreds digit of 956/(-7170) - (1 - (-192634)/(-30))?
4
Let g be -4 - (-2 - 986) - (-4 + -1). Let d = 1653 - g. What is the hundreds digit of d?
6
Let q = 44 + -56. Let y(t) = 800 - 2*t - 5*t - 815. What is the tens digit of y(q)?
6
Let z(y) = 3*y**2 - 27*y - 40. Let t(x) = 17*x**2 - 139*x - 201. Let m(g) = 2*t(g) - 11*z(g). Let a be (-17 - 1) + (1 - 1). What is the units digit of m(a)?
0
Let q(m) = m**3 + 41*m**2 + 31*m + 108. Suppose t - 123 = 3*j - 7, 3*t = -2*j - 92. What is the units digit of q(j)?
8
Suppose -5*g + 10*m = 7*m - 2646, -2 = m. Suppose -11*q - g = -4213. What is the tens digit of q?
3
Suppose 33*j - 34*j = 4*p - 37769, -4*j = -4. Suppose 13*l - 7237 = p. What is the tens digit of l?
8
Suppose -1397 = -25*t + 21*t - j, j = 3*t - 1046. Suppose 4*i - 764 = -3*c + t, -i = 3*c - 285. What is the hundreds digit of i?
2
Let h(k) = 36*k**3 + 7*k**2 - 37*k - 353. What is the tens digit of h(7)?
7
Let k = -6032 + 7265. What is the units digit of k?
3
Let j be 15*2*(-11)/(-22). Let z(d) = d**2 - 11*d - 27. What is the tens digit of z(j)?
3
Let d = 14698 - -3292. What is the hundreds digit of d?
9
Suppose 0 = -4*p + 1429 + 4495. Suppose p = -18*z + 5315. What is the hundreds digit of z?
2
Let o(g) = -g**2 + 38*g - 59. Let r be 1*-4*(-6 + (-21)/(-14)). Let k be ((-562)/(-18) - 4) + (-4)/r. What is the tens digit of o(k)?
3
Let o(d) = d**3 + 8*d**2 - d + 5. Suppose -t + 6 = u, -3 + 15 = 2*t - u. Suppose t = -3*m, 4*n - 2*n + 3*m + 20 = 0. What is the tens digit of o(n)?
6
Suppose -n + 20 = -2*q, -3*n = 2*q - 6*q - 50. Suppose 0 = 2*u + 3*y - n, 2*u = -y + 6*y - 22. What is the units digit of u/(-3)*-3*-103?
3
What is the hundreds digit of 35548/6 - (-15)/45?
9
What is the thousands digit of (-442947)/(-48) + 9/(-144)?
9
Let h = -58 - -126. Let p = 18 + -16. Suppose 5*w - 160 = -5*y, -p*y = -6*w + 4*w + h. What is the tens digit of w?
3
Let w = -14459 - -45357. What is the thousands digit of w?
0
Let r(q) = -37*q + 7185. What is the hundreds digit of r(0)?
1
Let p(b) = 19*b**2 - b + 2. Let j be p(1). Suppose j = -c - 3*c. What is the hundreds digit of c + -1 + 6 + (-185)/(-1)?
1
Suppose -2*u = -17*u. Suppose -f + 35 + 125 = u. What is the hundreds digit of f?
1
Let c = 655 + -653. Suppose -5*a - 4120 - 10 = -5*u, 0 = -3*u + c*a + 2477. What is the tens digit of u?
2
Let f(s) = -s**2 + 24*s - 54. Let w be f(23). What is the hundreds digit of (w + 1161)*(2 + -1)?
1
Suppose 4*v = 68 + 300. Suppose 2*a + 16 - v = 0. Suppose 275 = 3*y + a. What is the units digit of y?
9
Suppose 5*a = -5, -5*n - 2*a + 4 = 11. Let j(z) = -3*z**3 + z. Let t be j(n). Let d = t - -55. What is the tens digit of d?
5
What is the hundreds digit of (((-6 - -27)/7 - 2) + -1597)*-7?
1
Suppose -69*v - 38034 = -431610. What is the tens digit of v?
0
Suppose 0*t = -6*t + 174. Let k = t - -52. What is the units digit of k?
1
What is the units digit of (12 + 0 + -318)/((-6)/212)?
2
Suppose -3*f - 4*l = 9 - 3, l = -4*f + 5. Let r = -2771 + 2774. Suppose 3 = r*h, 11*p - 788 = 6*p + f*h. What is the units digit of p?
8
Let w(x) = -5*x**3 + x**2 - 21*x + 3. Let f be w(-8). Let d = f - 1636. What is the units digit of d?
9
Suppose 0 = 61*l - 58*l + 102. Let b = 296 - l. Suppose q + q - b = 0. What is the tens digit of q?
6
Let v(y) = -y**3 - 17*y**2 + 16*y - 36. Let m = 30 - 48. Let c be v(m). Suppose -2*z + 10 = c, 4*r - 281 - 497 = -2*z. What is the units digit of r?
2
Let u be 6/27 + (-1 - (-129)/27). Suppose 4*q + u*d - 9 = -1, 3 = 4*q + 5*d. Let v(y) = -y**3 + 9*y**2 - 11*y + 8. What is the units digit of v(q)?
9
Let a(b) = -12*b**2 + 1473*b - 121. What is the ten